{"id":145,"date":"2017-04-21T12:37:44","date_gmt":"2017-04-21T09:37:44","guid":{"rendered":"http:\/\/demo.safirtema.com\/pusula\/?page_id=145"},"modified":"2021-04-25T22:49:02","modified_gmt":"2021-04-25T19:49:02","slug":"tanitim-videosu","status":"publish","type":"page","link":"http:\/\/www.usayotomasyon.com\/index.php\/tanitim-videosu\/","title":{"rendered":"Tan\u0131t\u0131m Videosu"},"content":{"rendered":"\n<div class=\"wp-block-safirtema-mainheading mainHeading\"><div class=\"icon safiricon\"><svg class=\"safiricon-video\"><use href=\"#safiricon-video\"><\/use><\/svg><\/div><div class=\"text\">Tan\u0131t\u0131m Videomuz<\/div><\/div>\n\n\n\n<p>Bu sayfada embed kodu ile eklenen bir Youtube videosu \u00f6rne\u011fi verilmi\u015ftir.<\/p>\n\n\n\n<p><iframe loading=\"lazy\" src=\"https:\/\/www.youtube.com\/embed\/deQ1f9P9f1s?ecver=2\" width=\"640\" height=\"360\" frameborder=\"0\" allowfullscreen=\"allowfullscreen\"><\/iframe><\/p>\n\n\n\n<p>That&#8217;s right, baby! And so, to everyone and everything I&#8217;ve ever known, So, how are you, Fry? Pretty good. You? Kif, get over here. You&#8217;ve got to try this! Yes, but according to the Old Farmer&#8217;s Wikipedia, the amazing thing about Kif&#8217;s species is that the remains continue suffering for up to six hours after death. That&#8217;s so interesting! Don&#8217;t ask where I was last night. For all you know, I was at home, perhaps baking a strudel. What&#8217;s her problem? Somebody die or something? Kif&#8217;s dead, Bender.<\/p>\n","protected":false},"excerpt":{"rendered":"<p>Bu sayfada embed kodu ile eklenen bir Youtube videosu \u00f6rne\u011fi verilmi\u015ftir. That&#8217;s right, baby! And so, to everyone and everything I&#8217;ve ever known, So, how are you, Fry? Pretty good. You? Kif, get over here. You&#8217;ve got to try this! Yes, but according to the Old Farmer&#8217;s Wikipedia, the amazing thing about Kif&#8217;s species is [&hellip;]<\/p>\n","protected":false},"author":1,"featured_media":0,"parent":0,"menu_order":0,"comment_status":"closed","ping_status":"closed","template":"","meta":{"footnotes":""},"class_list":["post-145","page","type-page","status-publish","hentry"],"_links":{"self":[{"href":"http:\/\/www.usayotomasyon.com\/index.php\/wp-json\/wp\/v2\/pages\/145"}],"collection":[{"href":"http:\/\/www.usayotomasyon.com\/index.php\/wp-json\/wp\/v2\/pages"}],"about":[{"href":"http:\/\/www.usayotomasyon.com\/index.php\/wp-json\/wp\/v2\/types\/page"}],"author":[{"embeddable":true,"href":"http:\/\/www.usayotomasyon.com\/index.php\/wp-json\/wp\/v2\/users\/1"}],"replies":[{"embeddable":true,"href":"http:\/\/www.usayotomasyon.com\/index.php\/wp-json\/wp\/v2\/comments?post=145"}],"version-history":[{"count":5,"href":"http:\/\/www.usayotomasyon.com\/index.php\/wp-json\/wp\/v2\/pages\/145\/revisions"}],"predecessor-version":[{"id":409,"href":"http:\/\/www.usayotomasyon.com\/index.php\/wp-json\/wp\/v2\/pages\/145\/revisions\/409"}],"wp:attachment":[{"href":"http:\/\/www.usayotomasyon.com\/index.php\/wp-json\/wp\/v2\/media?parent=145"}],"curies":[{"name":"wp","href":"https:\/\/api.w.org\/{rel}","templated":true}]}}